er when o is divided by g.
0
Suppose -190 = -2*v + i, -5*v + 95 = -4*v - 2*i. Calculate the remainder when v is divided by 24.
23
Let q be (-1)/(135/70 + -2). Suppose 4*j = 102 - q. Calculate the remainder when j is divided by 8.
6
Suppose -10*s - 30 = -5*s. Let h(f) = 5*f + 6. Let c be h(s). Let g = c + 31. Calculate the remainder when g is divided by 5.
2
Let w be 1*2 + 19 + 1. Let x(b) = b - w + 22. Calculate the remainder when 5 is divided by x(3).
2
Let f = 208 - 148. Suppose 8*v + 20 = f. Calculate the remainder when 8 is divided by v.
3
Let g(a) = -a**3 - 10*a**2 - 12*a + 34. Calculate the remainder when g(-9) is divided by 23.
15
Suppose r = -2*k + 77, k + 2 = -0*k. Let y(w) = w**2 + 8*w + 8. Let s be y(-6). Calculate the remainder when r is divided by (-104)/s - (-1 + -1).
25
Let n = -791 + 936. What is the remainder when n is divided by 73?
72
Let h(n) = 6*n + 68. Let f be h(-11). Suppose -106 = -3*j - b, f*j = -4*b + 56 + 28. Calculate the remainder when j is divided by 12.
10
Let x(w) be the third derivative of -2*w**2 - 1/24*w**4 - 1/2*w**3 + 0*w + 0. What is the remainder when 7 is divided by x(-7)?
3
Let q = 799 - 787. What is the remainder when 50 is divided by q?
2
Let l = -92 + 95. Suppose 0 = -3*a + 5*u + 153, -3*u + l = -6. Let s = 31 - 12. Calculate the remainder when a is divided by s.
18
Suppose 5*c = 228*l - 223*l + 75, -3*l + 20 = 2*c. Let n(t) = 8*t + 4. Calculate the remainder when n(7) is divided by c.
8
Suppose -f - 3 = -v + 2, -5*v + 30 = -4*f. Calculate the remainder when 11/(55/30) + 20 is divided by v.
6
Let n(s) = s**3 - 10*s**2 + 11*s - 13. Let t = -1756 - -1785. What is the remainder when t is divided by n(9)?
4
Let y(j) = -2*j**3 - 4*j**2 - 3*j. Let t be ((-5)/4)/((-5)/60). Let c = 24 - t. Calculate the remainder when c is divided by y(-2).
3
Let n be -2*((-6)/3 - -1). Suppose 2*m - 50 = -5*l, -l + n*m + 19 = -3. Suppose 18*o - 264 = 6*o. What is the remainder when o is divided by l?
10
Calculate the remainder when 24/(-4) - (-346 + 0) is divided by 49.
46
Let p = 22 - -11. Let n = p + -15. Let v = -9 + n. What is the remainder when v is divided by 6?
3
Let w be 4/10 + (-12)/30. Suppose w = 5*o - 17 - 28. What is the remainder when o is divided by 3 - (4/2 + -2)?
0
Suppose 6 = -3*i + 3*f, 3*f - 12 = -i + 5*i. Suppose 29 = 5*d - 1. What is the remainder when 8 is divided by (-3)/d*i + 0?
2
Suppose -8 = c - 3*c, 3*v - c = -226. Let d = v + 75. What is the remainder when 3 is divided by d?
0
Let s = 57 - 30. Let r = -2 + s. What is the remainder when 99 is divided by r?
24
Let l = 17 - 21. Let t = l + 7. Suppose 2*a = 7 + t. What is the remainder when 14 is divided by a?
4
Let i(k) = -k**3 - 6*k**2 + 7*k + 12. Let b be i(4). Let w = b - -142. Calculate the remainder when 74 is divided by w.
8
Suppose -257 = -4*c - 3*o, o = 5*c - 0*c - 307. Suppose -362 = -56*p + 870. Calculate the remainder when c is divided by p.
18
Let p = 388 + 401. What is the remainder when p is divided by 72?
69
Let s be (-6)/(-4 - -7)*2. Let l(c) = -3*c - 8. Let x be l(s). Suppose -y + 85 = 5*p - 0*y, 0 = x*p - 3*y - 49. What is the remainder when p is divided by 6?
4
Let m = -171 + 248. What is the remainder when 613 is divided by m?
74
Let i = -7 + 70. What is the remainder when i is divided by 13?
11
Let v(n) = n**2 - 24*n - 158. What is the remainder when v(-10) is divided by 23?
21
Let w(f) = -f**3 - 13*f**2 - 18*f - 17. Let v be w(-12). Suppose -d - 3*a = -v, 0*d + 3*a + 92 = 2*d. Calculate the remainder when 243 is divided by d.
47
Let h = 28 - -10. Suppose -2*n + 4*s - 3*s = -h, -25 = -n - s. Calculate the remainder when 80 is divided by n.
17
Let q = 451 + -394. Calculate the remainder when q is divided by 15.
12
Suppose -14*c + 2716 = 2002. Suppose 5*n - 2*n = 78. What is the remainder when c is divided by n?
25
Let j = 261 + -103. What is the remainder when j is divided by 27?
23
Let s(x) = x**2 + 43*x + 453. Calculate the remainder when 182 is divided by s(-13).
56
Let d = 2294 - 2096. What is the remainder when d is divided by 19?
8
Suppose -135 = -42*c + 37*c. What is the remainder when c is divided by 4?
3
Let d = 2256 - 2192. Calculate the remainder when 186 is divided by d.
58
Suppose -4*l - 57 = 5*z, l + 49 = -2*l - 5*z. Let c = -155 + -193. What is the remainder when (2/l)/(3/c) is divided by 16?
13
Let m(g) = -6*g + 33. Let d be m(6). What is the remainder when 105 is divided by (d/(-4))/(12/288)?
15
Suppose -5*a + j + 77 = -0*j, -5*j + 47 = 2*a. Let y be ((-2)/5)/((-7)/1015). Suppose 0*g + y = 2*g. Calculate the remainder when g is divided by a.
13
Suppose 0 = -3*s - 4*p + 440, 0*p - 1 = p. Calculate the remainder when s is divided by 25.
23
Let f(s) = -s**3 - 2*s**2 + s - 3. Let t be f(-5). Let n = 140 - t. Let p(c) = -3*c + 1. What is the remainder when n is divided by p(-8)?
23
Let m(i) = -6*i**2 - 7*i - 1. Let g be m(4). Let o = -74 - g. Calculate the remainder when o is divided by 26.
25
Calculate the remainder when 190 is divided by ((-60)/35)/(45/(-2100)).
30
Let r(g) = 1 - 3*g + g + 0 + 3. What is the remainder when r(-8) is divided by 11?
9
Let b(t) = -t**2 - 26*t - 18. Calculate the remainder when b(-11) is divided by (5/3)/(2/36).
27
Suppose 157 - 497 = -10*x. Calculate the remainder when x is divided by 7.
6
Let x(k) = -k**2 - 23*k - 9. Let i(p) = -p**2 - p. Let s(h) = -2*i(h) + x(h). What is the remainder when 62 is divided by s(22)?
10
Suppose -11 = -4*u + 5. What is the remainder when (8/(-2))/(-8)*-6*-9 is divided by u/(-1*(-6)/15)?
7
Suppose -9*k - 132 = -13*k. Calculate the remainder when 111 is divided by k.
12
Suppose -4*v + 209 = 4*f - v, -v = -f + 47. What is the remainder when 59 is divided by f?
9
Calculate the remainder when 54 is divided by 304/22 - ((-456)/88 + 5).
12
Suppose w - 16 - 21 = 0. Suppose 0 = -3*k + 4*k - 2. Suppose 4*u + 2*r = r + 40, 2*u + k*r = 20. Calculate the remainder when w is divided by u.
7
Let q be (-7)/(-8) - 2/(-16). Let j(d) = 2*d**2 + 8*d + 6. What is the remainder when (q - (-96)/(-9))*-3 is divided by j(-5)?
13
Suppose 5*j + n = 3*n + 77, n - 4 = 0. Let l be ((-4)/2)/(6/(-12)). What is the remainder when (-6)/l*124/(-6) is divided by j?
14
Let m(q) = 13*q - 51. Calculate the remainder when 41 is divided by m(6).
14
Let o = -432 + 610. Let m = 2 - 5. What is the remainder when o/4 + m/6 is divided by 23?
21
Suppose y = -5*k + 4*y + 40, 7 = 2*k - 3*y. Let j = 6 + k. Calculate the remainder when 169 is divided by j.
16
Calculate the remainder when 122 is divided by ((-3)/(-9))/((-3723)/621 + 6).
53
Suppose 14 = z - 2*t, -5*t = -3*z + 32 + 7. Suppose -2*r - 2*r = -244. Calculate the remainder when r is divided by z.
5
Let z be 120/75 - 2/(-5). Suppose z*j - j = 5*r - 22, j + 12 = 3*r. Calculate the remainder when 7 is divided by j.
1
Suppose -p + 180 = 116. Calculate the remainder when 445 is divided by p.
61
Let r = -515 - -641. Calculate the remainder when r is divided by 32.
30
Let k(f) = -2*f - 2. Let d(t) = 14*t**2 + 83*t + 25. What is the remainder when d(-6) is divided by k(-5)?
7
Let q(i) = -i + 3. Suppose -2*r = 5*g - 0*g - 2, 2*g + 5*r = -16. Calculate the remainder when q(-4) is divided by g.
1
Let o = 20 + -9. Suppose 303*f - 4*g - 28 = 301*f, 0 = 2*f + 2*g - 82. What is the remainder when f is divided by o?
10
Suppose -3*u - 35 = -i, 0 = i - 0*u + 3*u - 17. What is the remainder when (-1954)/(-26) + (-4)/26 is divided by i?
23
Suppose -4*a = -0*y + 4*y + 8, -2*y + 5*a + 17 = 0. Let o = y + 2. Suppose -o*g - g = -4. Calculate the remainder when 3 is divided by g.
0
Suppose -100*p = 42*p + 487 - 1765. What is the remainder when 9/(-2)*94/(-3) is divided by p?
6
Let b be (-5 + 10 + -25)*(-18)/8. Suppose 5*n = -5*d + 35, -5*n - 6*d + b = -3*d. Calculate the remainder when 27 is divided by n.
3
Suppose -3*b - b + 40 = 0. Let i(q) = q - 18. Let y be i(14). What is the remainder when 26*(2 - (-2)/y) is divided by b?
9
Let a(x) = 2*x**2 - 7*x - 31. Calculate the remainder when a(-7) is divided by 13.
12
Suppose 129 = -9*j + 678. Calculate the remainder when 139 is divided by j.
17
Suppose 6*q - 781 = 449. What is the remainder when q is divided by 52?
49
Calculate the remainder when (5/(45/228))/(44/132) is divided by 45.
31
Let g(q) = q**2 - 3*q + 1. Let